5, what is -336 + -2?
-338
In base 9, what is -321 + 2?
-318
In base 11, what is 658 + 2?
65a
In base 3, what is 1112022 + 0?
1112022
In base 6, what is 545 - 15?
530
In base 9, what is 1601 - -5?
1606
In base 14, what is -95 + 4?
-91
In base 2, what is 10110 + -10?
10100
In base 16, what is 5 - 7ab?
-7a6
In base 5, what is -11 + -43?
-104
In base 12, what is 9 + -744?
-737
In base 16, what is 12 - 206?
-1f4
In base 7, what is 350 - 2?
345
In base 10, what is -13 - -3?
-10
In base 11, what is 3a12 - 4?
3a09
In base 12, what is 1145 + -1?
1144
In base 2, what is 1010 - 10000?
-110
In base 4, what is -2 + 101110?
101102
In base 2, what is 0 + 110101100100?
110101100100
In base 10, what is -4 - -33?
29
In base 10, what is -1 + -226?
-227
In base 16, what is 2 + -135?
-133
In base 4, what is 0 - -2322?
2322
In base 6, what is -5034 + -1?
-5035
In base 16, what is 2cc - -e?
2da
In base 8, what is -1 - 2317?
-2320
In base 6, what is 1104 + -1?
1103
In base 5, what is -302 + -4?
-311
In base 12, what is -3 + -287?
-28a
In base 14, what is 0 + -140?
-140
In base 15, what is 4 - 41?
-3c
In base 15, what is -2a4 + 0?
-2a4
In base 16, what is -5 + 25?
20
In base 5, what is -2 + -210?
-212
In base 13, what is 1 + -579?
-578
In base 7, what is -542 + -5?
-550
In base 12, what is 135 + -3?
132
In base 16, what is -2 + a7?
a5
In base 2, what is 11 + 11001?
11100
In base 13, what is 3 + -74?
-71
In base 11, what is 513 + -6?
508
In base 12, what is 194 + 4?
198
In base 15, what is 285 + -5?
280
In base 16, what is -95 - 4?
-99
In base 4, what is -1 + -20313?
-20320
In base 16, what is 3 - 4a?
-47
In base 8, what is -16 + 10?
-6
In base 2, what is -1100010100100 + -100?
-1100010101000
In base 13, what is 21a - -1?
21b
In base 2, what is 1 - -110110?
110111
In base 13, what is 5 - 5c4?
-5bc
In base 2, what is 1100 - 1001?
11
In base 4, what is 12313 - 3?
12310
In base 7, what is -5 + -1503?
-1511
In base 10, what is 4 + 101?
105
In base 14, what is 666a - 5?
6665
In base 4, what is 22 + 30012?
30100
In base 15, what is -4 - -13c?
138
In base 10, what is -3646 + -1?
-3647
In base 15, what is 6 + -4?
2
In base 16, what is 6 - 80?
-7a
In base 10, what is 4 + 4003?
4007
In base 16, what is 1e4 - 5?
1df
In base 3, what is -1 - 21221?
-21222
In base 15, what is c + -de?
-d2
In base 14, what is -5 + -1d?
-24
In base 15, what is 3 + -8?
-5
In base 7, what is -3 + 325?
322
In base 8, what is -4 - 77?
-103
In base 10, what is -22 - 22?
-44
In base 4, what is 3202 + 12?
3220
In base 8, what is -4 - 162?
-166
In base 8, what is -4 + 3367?
3363
In base 4, what is -30320 + -3?
-30323
In base 5, what is 12 - 110114?
-110102
In base 10, what is 5 + -1873?
-1868
In base 4, what is 1 + -33030?
-33023
In base 15, what is 94 - 3?
91
In base 2, what is -110010 + 101?
-101101
In base 13, what is -4 + 3a?
36
In base 8, what is -4 - 56?
-62
In base 7, what is 1240 + 1?
1241
In base 8, what is 127 - -2?
131
In base 7, what is 4 + -256?
-252
In base 15, what is -3 + -18?
-1b
In base 5, what is 3 - -114?
122
In base 2, what is 10000001000011 - -10?
10000001000101
In base 15, what is -db + 2?
-d9
In base 13, what is 3 - 10b0?
-10aa
In base 9, what is 3305 - 2?
3303
In base 5, what is 0 + 33?
33
In base 14, what is 4 + -71a?
-716
In base 10, what is 3 + -979?
-976
In base 11, what is 14 + 154?
168
In base 16, what is 4 + 25?
29
In base 2, what is -101010000111 + 1?
-101010000110
In base 12, what is 1b68 - -5?
1b71
In base 4, what is 22112 + -1?
22111
In base 8, what is -12 - 221?
-233
In base 16, what is 87 - -4?
8b
In base 16, what is -336 + 1b?
-31b
In base 6, what is 10 + 2455?
2505
In base 12, what is -28 - 187?
-1b3
In base 10, what is 4 + 37?
41
In base 4, what is -23200 + -131?
-23331
In base 12, what is 5 - -46?
4b
In base 16, what is -2a - -3?
-27
In base 13, what is 4 + 54?
58
In base 5, what is -104 - -13?
-41
In base 12, what is -9 - 241?
-24a
In base 12, what is -3 - a?
-11
In base 7, what is 2323 + -2?
2321
In base 10, what is 23 - -2?
25
In base 9, what is -54 - -185?
131
In base 4, what is -30 + -1?
-31
In base 11, what is -4 + 46?
42
In base 3, what is 12 + -112121?
-112102
In base 4, what is 2 - 211?
-203
In base 10, what is 627 + 5?
632
In base 15, what is 2 - 3ba?
-3b8
In base 5, what is -11 + 21?
10
In base 13, what is 1 - -62?
63
In base 4, what is -2 - -21023?
21021
In base 6, what is -4 + -22?
-30
In base 6, what is 2 + 3343?
3345
In base 12, what is -5b - 5?
-64
In base 5, what is -23 - -2012?
1434
In base 14, what is -27 - c?
-35
In base 10, what is 4 + 2392?
2396
In base 4, what is -132 - 22?
-220
In base 6, what is 1225 + 24?
1253
In base 4, what is 2 + -210?
-202
In base 7, what is 2 - 45?
-43
In base 7, what is 260 + -2?
255
In base 2, what is 101 + 11001111?
11010100
In base 9, what is 12 + 32?
44
In base 4, what is -2 - 310131?
-310133
In base 13, what is 2 + -54?
-52
In base 6, what is -2 + -225?
-231
In base 9, what is 740 + 1?
741
In base 5, what is 22114 - 2?
22112
In base 6, what is -4 + -340?
-344
In base 3, what is -10202 + 0?
-10202
In base 8, what is -5716 - 3?
-5721
In base 8, what is -151 - 5?
-156
In base 16, what is -69 + 1?
-68
In base 2, what is -11000010 + 11?
-10111111
In base 9, what is -1302 + -5?
-1307
In base 9, what is 34 + -5?
28
In base 10, what is 2 - -3088?
3090
In base 11, what is 5 + -18?
-13
In base 16, what is 172 + 0?
172
In base 14, what is -3 + 17?
14
In base 6, what is 535 + 1?
540
In base 16, what is -2 - 16c?
-16e
In base 6, what is 224 - -2?
230
In base 12, what is -1499 - -a?
-148b
In base 12, what is -3 + 101?
ba
In base 12, what is 454 - -4?
458
In base 15, what is -11a + -5?
-120
In base 7, what is 25 + 4064?
4122
In base 15, what is 5 - -138?
13d
In base 11, what is -52 - 5?
-57
In base 4, what is 330 + -3?
321
In base 13, what is 1 + -40?
-3c
In base 9, what is 10 - -8?
18
In base 8, what is -5 + 77?
72
In base 13, what is -126 + -5?
-12b
In base 14, what is -393 - -1d?
-374
In base 5, what is -3 - -42340?
42332
In base 15, what is 20b1 + -3?
20ad
In base 5, what is 1312 - 32?
1230
In base 8, what is 401 + -4?
375
In base 15, what is 6 - 75d?
-757
In base 10, what is 51 - 45?
6
In base 6, what is -404 - 1?
-405
In base 15, what is -d5 - 13?
-e8
In base 4, what is 22 - -13300?
13322
In base 4, what is -1 + -321?
-322
In base 14, what is -1 - -31?
30
In base 15, what is -8e + -1?
-90
In base 4, what is -11 + -100102?
-100113
In base 4, what is 231123 + 10?
231133
In base 8, what is -26 - 2?
-30
In base 6, what is 10 + 24?
34
In base 16, what is -1 + -17d?
-17e
In base 9, what is -312 + 1?
-311
In base 12, what is -1 + -25?
-26
In base 10, what is 603 - -4?
607
In base 12, what is 2 - 193?
-191
In base 5, what is 43 + 3?
101
In base 15, what is 0 - 21b?
-21b
In base 16, what is d - 20?
-13
In base 12, what is 96 - -5?
9b
In base 8, what is -74 + 3?
-71
In base 4, what is -12233 - 32?
-12331
In base 5, what is 3 - 303?
-300
In base 14, what is ab6 - 3?
ab3
In base 14, what is -11 + c?
-3
In base 7, what is -4 + -306?
-313
In base 9, what is -20 - 65?
-85
In base 8, what is 12161 - -5?
12166
In base 14, what is -1 - -553?
552
In base 9, what is -47 - -1?
-46
In base 6, what is 2051 + 0?
2051
In base 12, what is 1b + 1a?
39
In base 11, what is 5 - -1712?
1717
In base 6, what is 0 + -22001?
-22001
In base 4, what is -2 - 1000?
-1002
In base 10, what is -134 - -54?
-80
In base 13, what is -279 + 5?
-274
In base 10, what is -8 - 10?
-18
In base 2, what is -11011000 + 101?
-11010011
In base 12, what is 0 + -27?
-27
In base 16, what is -3 - 8e?
-91
In base 12, what is 4 + -5b9?
-5b5
In base 10, what is -812 - -2?
-810
In base 6, what is 2033 + 103?
2140
In base 10, what is 138 - 1?
137
In base 2, what is 11 - 11111?
-11100
In base 7, what is 43 - 2?
41
In base 15, what is -68a + 2?
-688
In base 2, what is -10111 + -1100?
-100011
In base 9, what is -4275 - -4?
-4271
In base 15, what is -463 - 4?
-467
In base 12, what is -30 - -13?
-19
In base 6, what is -12 - 3?
-15
In base 13, what is 83 + -1?
82
In base 7, what is -2 - -3515?
3513
In base 4, what is 32130 - 11?
32113
In base 6, what is -5 - 1114?
-1123
In base 16, what is c6 + -29?
9d
In base 12, what is -88 + 3?
-85
In base 6, what is 45 + -353?
-304
In base 4, what is 